 multiple of 125?
True
Does 23 divide 120008?
False
Does 199 divide 1981045?
True
Is 179762 a multiple of 11?
True
Does 13 divide 4229420?
True
Is 29265113 a multiple of 12?
False
Is 617 a factor of 27148?
True
Does 82 divide 63386?
True
Is 86 a factor of 11658382?
False
Is 53797 a multiple of 193?
False
Is 9 a factor of 42127?
False
Does 614 divide 2137104?
False
Is 45 a factor of 1830778?
False
Is 8690914 a multiple of 67?
False
Does 100 divide 1887337?
False
Is 226676 a multiple of 131?
False
Is 521330 a multiple of 370?
True
Is 398508 a multiple of 37?
False
Is 907788 a multiple of 202?
True
Does 4 divide 392759?
False
Does 285 divide 121136?
False
Is 196 a factor of 575064?
True
Is 390 a factor of 790920?
True
Does 14 divide 4449424?
True
Is 1618133 a multiple of 473?
True
Does 12 divide 30756?
True
Does 116 divide 992496?
True
Does 213 divide 210874?
False
Is 2909744 a multiple of 8?
True
Is 3010398 a multiple of 14?
False
Is 1899576 a multiple of 252?
True
Is 312496 a multiple of 16?
True
Does 21 divide 2930825?
False
Is 13287 a multiple of 31?
False
Is 56 a factor of 2824858?
False
Is 76346 a multiple of 118?
True
Is 203360 a multiple of 422?
False
Does 26 divide 1653262?
True
Is 1327438 a multiple of 44?
False
Is 195648 a multiple of 92?
False
Is 235196 a multiple of 26?
True
Is 6 a factor of 378948?
True
Is 3035161 a multiple of 47?
False
Is 657 a factor of 1417149?
True
Is 241 a factor of 212562?
True
Is 24362302 a multiple of 122?
True
Does 70 divide 494410?
True
Is 264935 a multiple of 111?
False
Is 20 a factor of 42780?
True
Is 1171 a factor of 3579747?
True
Is 67 a factor of 466052?
True
Is 50 a factor of 4900?
True
Is 2454816 a multiple of 208?
True
Is 12 a factor of 253824?
True
Is 26063 a multiple of 52?
False
Is 50792 even?
True
Is 7 a factor of 70329?
True
Is 6 a factor of 116382?
True
Does 16 divide 2524896?
True
Is 643183 a multiple of 100?
False
Does 13 divide 24262?
False
Is 2736950 a multiple of 19?
True
Does 62 divide 45493?
False
Is 36 a factor of 2504988?
True
Does 5 divide 472810?
True
Is 7 a factor of 496132?
True
Is 10526434 a multiple of 35?
False
Is 4 a factor of 15403?
False
Is 5741744 a multiple of 16?
True
Does 17 divide 3532139?
False
Does 229 divide 195337?
True
Is 1117540 a multiple of 142?
True
Is 633 a factor of 2427675?
False
Is 7 a factor of 94930?
False
Does 5 divide 943905?
True
Does 379 divide 460106?
True
Is 140 a factor of 20774?
False
Is 135 a factor of 4224448?
False
Is 14 a factor of 10543?
False
Is 19374110 a multiple of 266?
True
Does 699 divide 660555?
True
Does 33 divide 963165?
False
Does 2 divide 40881?
False
Is 249386 a multiple of 239?
False
Is 317997 a multiple of 51?
False
Does 127 divide 1017016?
True
Does 224 divide 8856736?
True
Is 809 a factor of 695740?
True
Is 161915 a multiple of 53?
True
Is 16 a factor of 101712?
True
Does 64 divide 108384?
False
Is 30 a factor of 978407?
False
Is 38397 a multiple of 12?
False
Does 155 divide 107637?
False
Is 616692 a multiple of 227?
False
Does 256 divide 2218020?
False
Is 469678 a multiple of 95?
False
Does 455 divide 4829825?
True
Is 1030 a factor of 6032858?
False
Is 26 a factor of 1244788?
False
Does 3 divide 7558?
False
Is 101 a factor of 2568525?
False
Is 293174 a multiple of 34?
False
Is 49 a factor of 544145?
True
Is 17383 a multiple of 2?
False
Is 772512 a multiple of 8?
True
Is 21 a factor of 200029?
False
Does 361 divide 529948?
True
Is 815220 a multiple of 84?
True
Does 216 divide 1935570?
False
Is 61884 a multiple of 36?
True
Does 19 divide 680004?
False
Is 19144 a multiple of 104?
False
Does 13 divide 66053?
True
Does 221 divide 1972281?
False
Is 3160504 a multiple of 578?
True
Does 80 divide 10946?
False
Does 46 divide 1182430?
True
Does 53 divide 25244?
False
Does 162 divide 398429?
False
Does 4 divide 27856?
True
Does 7 divide 885773?
True
Does 68 divide 1212707?
False
Is 28229260 a multiple of 20?
True
Does 154 divide 448210?
False
Is 40 a factor of 1348587?
False
Is 28 a factor of 5418458?
False
Is 2159640 a multiple of 56?
True
Is 47 a factor of 301035?
True
Is 7 a factor of 752025?
False
Is 2977171 a multiple of 59?
False
Is 10 a factor of 3353897?
False
Is 4 a factor of 111881?
False
Does 110 divide 3142487?
False
Does 7 divide 578753?
True
Is 6254180 a multiple of 948?
False
Does 510 divide 213242?
False
Does 138 divide 1243380?
True
Is 136 a factor of 10443178?
False
Is 23 a factor of 186791?
False
Is 35 a factor of 3956963?
False
Is 11 a factor of 19221?
False
Is 11 a factor of 3770459?
True
Does 386 divide 540014?
True
Is 338408 a multiple of 8?
True
Is 2764200 a multiple of 542?
True
Does 93 divide 204759?
False
Is 32 a factor of 292149?
False
Is 236792 a multiple of 64?
False
Is 258 a factor of 618988?
False
Is 137044 a multiple of 12?
False
Is 23361 a multiple of 130?
False
Does 161 divide 5811134?
True
Is 3 a factor of 1095?
True
Is 131209 a multiple of 104?
False
Is 383187 a multiple of 21?
True
Is 800510 a multiple of 7?
False
Does 15 divide 9009682?
False
Is 98 a factor of 978726?
True
Is 9 a factor of 933219?
True
Is 15 a factor of 1087203?
False
Is 1004 a factor of 1833677?
False
Does 272 divide 179792?
True
Does 16 divide 5484644?
False
Is 1582920 a multiple of 180?
True
Does 126 divide 908782?
False
Does 453 divide 12558317?
False
Is 26 a factor of 51686?
False
Is 229 a multiple of 46?
False
Does 20 divide 310300?
True
Does 121 divide 2480863?
True
Is 5 a factor of 67465?
True
Is 27 a factor of 7125597?
True
Is 16 a factor of 5584?
True
Does 28 divide 829248?
True
Is 554400 a multiple of 22?
True
Is 2994759 a multiple of 199?
False
Is 53 a factor of 669708?
True
Is 6393254 a multiple of 4?
False
Does 25 divide 50852?
False
Is 435379 a multiple of 263?
False
Is 126 a factor of 7673687?
False
Does 15 divide 5816445?
True
Is 16171 a multiple of 39?
False
Is 4 a factor of 2765?
False
Does 18 divide 3064584?
False
Is 773094 a multiple of 233?
True
Does 109 divide 927135?
False
Is 2361319 a multiple of 498?
False
Does 5 divide 26736?
False
Does 12 divide 1134756?
True
Is 75568 a multiple of 25?
False
Is 17 a factor of 235178?
True
Is 71461 a multiple of 75?
False
Does 6 divide 176345?
False
Is 29 a factor of 53679?
True
Is 8168090 a multiple of 10?
True
Does 95 divide 1325158?
False
Is 193254 a multiple of 58?
False
Is 13 a factor of 2639?
True
Is 38985 a multiple of 69?
True
Does 217 divide 553784?
True
Does 22 divide 473230?
False
Is 440241 a multiple of 257?
True
Is 13 a factor of 27517572?
False
Is 11550057 a multiple of 67?
False
Does 376 divide 12991462?
False
Is 579124 a multiple of 43?
True
Does 4 divide 85909?
False
Is 128697 a multiple of 9?
False
Does 22 divide 169323?
False
Is 12528773 a multiple of 10?
False
Is 415140 a multiple of 147?
False
Is 252 a factor of 2658398?
False
Does 983 divide 4499191?
True
Does 10 divide 12492413?
False
Does 46 divide 18170?
True
Is 336 a factor of 153552?
True
Is 170 a factor of 901527?
False
Does 36 divide 11304?
True
Does 244 divide 1287832?
True
Does 176 divide 4598000?
True
Is 4010924 a multiple of 859?
False
Is 12997460 a multiple of 706?
True
Is 14 a factor of 113952?
False
Is 607 a factor of 469211?
True
Is 33 a factor of 122991?
True
Does 439 divide 21164883?
False
Does 14 divide 152849?
False
Is 3959602 a multiple of 18?
False
Is 135367 a multiple of 12?
False
Does 5 divide 22285?
True
Does 4 divide 81828?
True
Is 1579330 a multiple of 239?
False
Does 12 divide 30456?
True
Does 6 divide 267222?
True
Is 1654 a factor of 3121980?
False
Is 777720 a multiple of 30?
True
Does 64 divide 271582?
False
Does 441 divide 22919?
False
Does 202 divide 9096666?
True
Does 7 divide 1172064?
False
Is 811688 a multiple of 241?
True
Does 94 divide 69701?
False
Is 68 a factor of 117232?
True
Is 198410 a multiple of 93?
False
Is 40 a factor of 144600?
True
Does 15 divide 37650?
True
Is 19 a factor of 160113?
True
Is 47 a factor of 1577790?
True
Is 28613 a multiple of 95?
False
Is 564 a factor of 9764655?
False
Does 26 divide 90473?
False
Is 218 a factor of 887?
False
Is 975 a factor of 2708550?
True
Is 286 a factor of 18166720?
True
Is 150033 a multiple of 120?
False
Does 485 divide 343380?
True
Does 530 divide 1355210?
True
Is 3089470 a multiple of 227?
True
Is 7304202 a